 is the units digit of h(48)?
9
Suppose 0 = 2*q - 3*b - 7248, -4*b + b = 0. What is the hundreds digit of q?
6
What is the tens digit of (2 + -9 + 5)*-199*19?
6
Suppose -3*t = -2*t + 5*o - 6443, 4*o = 16. What is the thousands digit of t?
6
Let q(g) = -256*g. Let p be q(-2). Suppose -82 = 2*r - p. Suppose -7*x = -2*x + 2*l - r, -x - 3*l = -56. What is the tens digit of x?
4
Let x = 15637 + -7286. What is the hundreds digit of x?
3
Suppose 2*c + 56 = 2*s, 12*s = 14*s - 3*c - 59. What is the units digit of 3 - -2 - -25*s?
0
Let x = 141 + -136. Suppose 83 = 2*s + 31. Let a = s - x. What is the tens digit of a?
2
Let j(c) = -420*c**3 + 19*c**2 + 57*c + 7. What is the hundreds digit of j(-3)?
3
Suppose 60511 = 5*c + 4*j, 44*j = -5*c + 42*j + 60523. What is the tens digit of c?
0
Suppose -5*s + 2*q - 7238 = 0, 2*q + 3*q + 5797 = -4*s. Let a = 2416 + s. What is the units digit of a?
8
Let w(h) = 171*h**2 + 17*h + 1. What is the tens digit of w(-6)?
5
What is the hundreds digit of 8/((-95778)/11961 + 8)*(-50)/3?
7
Suppose u - 6 = 2*l, -2*l + 9 = -3*u + 11. Let o(b) = 34*b**2 - 30*b. What is the tens digit of o(l)?
6
Suppose -22*z = 237*z - 1904945. What is the hundreds digit of z?
3
Suppose -d + 6*d + 3*y + 274 = 0, 0 = -3*d - y - 166. Let h = d - -59. Suppose 3*r - 7*r - 5 = b, h*r + 60 = 3*b. What is the units digit of b?
5
Let n be (0 - -5) + -1 + 5. Let c(o) = 4*o**2 + 18*o - 44. What is the units digit of c(n)?
2
Let t(o) = 248*o**2 - 167*o + 1238. What is the thousands digit of t(7)?
2
Let r = 670 + -553. What is the units digit of r?
7
Suppose -9120 = -15*t + 13*t - 17*t. What is the hundreds digit of t?
4
Let g(t) = -7*t**2 + 21*t - 106. Let x(w) = -20*w**2 + 63*w - 317. Let f(j) = 17*g(j) - 6*x(j). What is the hundreds digit of f(26)?
2
Let g(h) = 5*h + 331. Let m be g(0). Suppose 0 = c + 4*w - m, 0 = 8*c - 3*c + w - 1731. What is the units digit of c?
7
Let m(c) = 8*c**2 - 2*c - 10. Let g be m(-3). What is the units digit of 22/(8/g*(-3)/(-9))?
1
Suppose -8*f + 11*f = -6. Let k(w) = w**2 + 3*w + 4. Let o be k(f). Suppose -5*j + 2*y + 40 = -o*j, 5*j + 2*y - 40 = 0. What is the tens digit of j?
1
Let o = 3 + -3. Suppose -2*f = -2*s - 4, s - 3*f = -o*s - 8. What is the tens digit of s + 1 + 84 + -6?
8
Let y be ((-4 - 17)/(-7))/(6/4). Suppose y*z - 6 = -0. Suppose 107 = b - z*q, -244 - 142 = -3*b - 4*q. What is the units digit of b?
2
Let d be 7 - (4/5)/((-34)/(-85)). What is the tens digit of 523*(-4 + (d - 3) + 3)?
2
Suppose 13*t - 58032 = -26*t. What is the tens digit of t?
8
Let a = 581 - 479. Let k = a + 84. What is the hundreds digit of k?
1
What is the hundreds digit of 6812470/686 - 2/7*-1?
9
Suppose 2*r + 1997 = 5*s + 4*r, 0 = -3*s + 4*r + 1193. Suppose -126*c - s = -127*c. What is the hundreds digit of c?
3
Suppose 0 = 2*y - 5*m - 2, -3*y + 4*m = -m + 2. Let f(o) = -104*o - 25. Let k(t) = 53*t + 13. Let b(j) = 6*f(j) + 11*k(j). What is the tens digit of b(y)?
5
Let v = 59 - 65. Let j be v*((-4)/(-26) + (-106)/13). Suppose 2*g = 308 - j. What is the units digit of g?
0
Suppose -15 = 9*l - 14*l. Suppose 65 = -l*d - y, 2*d + 7*y + 50 = 3*y. Let z(n) = -n**2 - 28*n + 34. What is the tens digit of z(d)?
8
Let d(s) = -65*s + 1. Let n be 1 + -4 + 1/((-2)/(-12)). Suppose 5*f = 4*m + 1 - 2, -4*f + m = n. What is the tens digit of d(f)?
6
Let k = -117 - -3126. Suppose -4173 = -19*m + k. What is the units digit of m?
8
Suppose -8 = 4*r - 16. Suppose 26 = -r*w + 36. Suppose w*m + 3*n = 1415, -143 = -m + 3*n + 122. What is the units digit of m?
0
What is the ten thousands digit of (1/(-5) + (-616)/220)/(1/(-8016))?
2
Let w = 574 + 737. Suppose -87 = 8*s - w. Suppose 2*v = -3*a + 5*v + s, v - 87 = -2*a. What is the units digit of a?
6
Let o(a) = 10*a**3 + a**2 + 3*a + 1. Let u be o(-2). Let p = -56 + 19. Let x = p - u. What is the units digit of x?
4
Suppose -4*i = i - 3*s - 5617, -i - 2*s + 1113 = 0. Let f = i + -697. What is the hundreds digit of f?
4
What is the units digit of (-11 - (-1148)/105) + 98132/30?
1
Let c(r) = -4*r - 14*r - 18*r + 108 - 147. What is the hundreds digit of c(-23)?
7
Let t(a) = -a**3 + 79*a**2 - 305*a + 37. What is the tens digit of t(41)?
1
Let m(l) be the third derivative of 9*l**5/20 + 287*l**4/24 - l**3 + 16*l**2 - 3. What is the hundreds digit of m(-13)?
8
Let a(o) = -o**3 + 2*o**2 + 6*o - 6. Let h = 57 - 65. Let c be (3 - (-84)/h)*(-4)/(-6). What is the tens digit of a(c)?
3
Let m(g) = 778*g - 483. What is the tens digit of m(9)?
1
Suppose 0 = 146*f + 164*f - 8741070. What is the thousands digit of f?
8
Suppose 35*h + 11454 = 236679. What is the tens digit of h?
3
Suppose -9*p - 3*o = -8*p - 6898, -4*o - 12 = 0. What is the units digit of p?
7
Suppose 3*p + 351 = -3*q, 14*p - 17*p - 359 = q. What is the tens digit of p*-4*(4 - 39/12)?
6
Let t be 4/(-8) - (-13)/2. Let n = t - 2. Suppose -n*w = -0*w - 384. What is the tens digit of w?
9
Suppose -24020451 = -303*p + 123*p - 237*p. What is the units digit of p?
3
Suppose -416*t - 10 = -421*t. Suppose -3*m + m = 0, -2*f + 1982 = -t*m. What is the units digit of f?
1
Let r(l) = 3*l**2 - 5*l - 2. Let f be 54/8 + (-17)/(-68). Let x be r(f). Suppose -2*b + n + 50 = -0*b, 0 = -5*b - 5*n + x. What is the tens digit of b?
2
Let n = -105 + 109. Suppose -1744 = -5*x - 4*t, -12*t = -n*x - 7*t + 1387. What is the tens digit of x?
4
Let j(l) = 3435*l - 173. What is the thousands digit of j(2)?
6
Let h be (5/7 - 1) + 11529/49. Suppose h = l + v - 204, 877 = 2*l + v. What is the hundreds digit of l?
4
Suppose 2*u - 5*g - 26 = 0, -5 = -5*u - g + 6. Suppose a = -3*c + 453, -4*a = -u*a + 5*c - 449. Let h = -264 + a. What is the tens digit of h?
9
Let n = -58 + 92. Let u = 24 - n. Let a = u + 31. What is the tens digit of a?
2
Let w = -70 - -73. Suppose 0*u = w*c + 2*u - 1785, -1190 = -2*c + 2*u. What is the tens digit of c?
9
Let x(k) = 18055*k**2 - 150*k - 151. What is the hundreds digit of x(-1)?
0
Suppose 188*h - 407127 = 52*h + 3719249. What is the thousands digit of h?
0
Let r be (-4 + 944/(-20))/(12/(-30)). What is the hundreds digit of r/40*(-195)/(-6)?
1
Let y = 41 - 35. Suppose -3*n + 2*k = -y*n + 978, -5*n - 3*k = -1630. What is the tens digit of n?
2
Let j = 10923 + -1913. What is the thousands digit of j?
9
Suppose 0 = 31*p - 288406 - 178330. What is the tens digit of p?
5
Suppose -335*t + 154*t + 5977706 = 0. What is the hundreds digit of t?
0
Suppose -189*s + 3040001 - 301046 = -1470075. What is the ten thousands digit of s?
2
Suppose 185*n - 178*n = -308. What is the hundreds digit of (-114)/(-4)*n/(-6)?
2
Suppose 0 = 4*p + 2*p + 282. Let s = p - -186. What is the tens digit of s?
3
Let i = -116 - -56. Let t = -76 - i. Let s(g) = -9*g - 61. What is the tens digit of s(t)?
8
Let k = -32447 - -37978. What is the units digit of k?
1
Suppose 3660532 = 74*j + 2358787 - 2836631. What is the ten thousands digit of j?
5
What is the tens digit of (6/(-8))/((-114)/414808)?
2
Suppose 65*w - 2*d = 67*w - 24304, 2*w + 3*d = 24302. What is the units digit of w?
4
Suppose 4*s - 162 = 2. Suppose 0 = -5*x + 3*l + 57, 5*x + 0*l - s = -l. Suppose -4*u + 65 = x. What is the units digit of u?
4
Let b = -56 + 60. Suppose 4*u = -5*t + 289, -7 + 255 = b*t - u. Suppose -4*l - 2*k = -426, -2*k + 258 = 3*l - t. What is the tens digit of l?
0
Let c be 2/15*-9*(-190)/4. Suppose -6*b = -639 - c. Let x = b - -7. What is the hundreds digit of x?
1
Let i be (30/4 + -2)/((-16)/(-96)). What is the tens digit of (34 + -25)*(2*i)/2?
9
Let w = 3845 - -1577. What is the tens digit of w?
2
Let h be -54*6/54*-3. Let m(f) = -f**3 + 19*f**2 - 9*f - 19. What is the tens digit of m(h)?
4
What is the hundreds digit of (33 - 48178/1462) + 159270/43?
7
What is the ten thousands digit of 0 + 0 + (208069/19 - 15)?
1
Let b be 3/(-12) - (-84)/16. Suppose -w + 2 = z, b*w = -4*z + 6 + 4. Suppose z = -4*v + 4*n + 232, -n + 0*n = -4*v + 232. What is the units digit of v?
8
Let f(v) = 112*v**2 - 11*v - 19. What is the hundreds digit of f(-7)?
5
Let f(h) = 2*h**2 + 50*h + 48. Let n be f(-24). Suppose 19*x + 4*x - 14950 = n. What is the units digit of x?
0
Suppose -33591 - 129236 = -4*d + h, -203590 = -5*d - 5*h. What is the ten thousands digit of d?
4
Let d(c) = -599*c - 40. Let p be d(-8). Suppose 15*h + p = 19*h. Suppose h